- 11*y + 13. What is the remainder when q(s) is divided by j?
1
Suppose -5*i + 174 = -26. What is the remainder when i is divided by (-100)/450*(-62 + -1)?
12
Suppose 44 - 34 = 2*h. Suppose 2*i + 40 = s + 5*i, h*i = 3*s - 64. What is the remainder when 109 is divided by s?
25
Let d = 465 + -330. Calculate the remainder when d is divided by 23.
20
Let t = -84 - -119. Suppose 4*c + 0*c - 16 = 0. Suppose -3*i + 41 = j, 0 = 2*i - 2*j - 2*j - c. What is the remainder when t is divided by i?
11
Let x(c) = -c**2 + 21*c - 89. Let u(n) = -8*n - 3. Let o be u(-2). Suppose b - o = 3. What is the remainder when b is divided by x(14)?
7
Suppose -m + 6*m + 25 = 0, -r - 17 = 4*m. Let l be (1/r)/(3/(-18)). Calculate the remainder when (-4)/(-8) + (-37)/l is divided by 10.
9
Suppose -q + 142 = -i, i = -4*i - 25. What is the remainder when q is divided by 132?
5
Let n(k) = -3*k - 1. Suppose 0 = 4*h + 5*z - 4, 0*h + 4*z - 5 = -5*h. Let p = h + -4. What is the remainder when 13 is divided by n(p)?
5
Let p = 1107 + -891. Calculate the remainder when p is divided by 28.
20
Suppose 939*n - 941*n + 40 = 0. Suppose 4*p = -l + 67, 0 = -0*l + 3*l - 3*p - 171. Calculate the remainder when l is divided by n.
19
Suppose -18 = -2*z + 2*a + 32, 0 = -3*a + 6. Calculate the remainder when z is divided by 2.
1
Suppose -13 = -2*y + 5. Suppose -y*l + 6*l = -75. What is the remainder when 48 is divided by l?
23
What is the remainder when 44 is divided by 26 - (70/22 + (-78)/429)?
21
Let j(h) = -19*h + 2. Calculate the remainder when j(-6) is divided by 8.
4
Let k(d) = -d - 6. Let m be k(-6). Suppose -3*v + 18 - 6 = m. Calculate the remainder when 23 is divided by 2/1 + v*1.
5
Suppose o + 2 = 5. Suppose 2*n = -o*n + 285. Calculate the remainder when n is divided by -2 + 24 + -1 + -1.
17
Suppose 8*a - 1314 = -378. Let w = 134 - a. What is the remainder when w is divided by (-2)/(-2) + (-10)/(-2)?
5
Suppose -f - 3 = -5. Suppose 30 = f*j - 30. Calculate the remainder when 28 is divided by (28/(-35))/((-4)/j).
4
Let l = -30 + 35. Suppose a + 3*t = t + 27, -l*a = 3*t - 156. What is the remainder when a is divided by (-17)/(-2 + (1 - 0))?
16
Let v be ((-44)/55)/((-1)/5). Let u be ((-70)/(-7))/(v/2). Suppose 0 = -j + g + 12, 5*g = -u*j + 2*j + 36. Calculate the remainder when 19 is divided by j.
7
Suppose 4*a - g - 194 + 57 = 0, -4*g = -3*a + 93. Calculate the remainder when a is divided by 6.
5
Let k(u) = u**3 + 9*u**2 + 4*u + 4. Calculate the remainder when 209 is divided by k(-8).
29
Let w(x) = -2*x**3 + 3 - 3*x**2 + 3*x**3 - 6*x - 3*x**2 - 2*x**3. Calculate the remainder when w(-6) is divided by 14.
11
Let h be ((-8)/(-14))/((-2)/(-14)). Suppose -54 = -h*o - 5*y + 1065, 0 = -2*o - 4*y + 558. Suppose -o = -5*q + 4. What is the remainder when q is divided by 15?
12
Suppose -k - 13 + 8 = 0. Calculate the remainder when (7 + k)/((-2)/(-16)) is divided by 2 + -5 + 3 + 6.
4
Let q(x) = -23*x + 91. Calculate the remainder when 447 is divided by q(2).
42
Suppose -22 = -4*o - i + 42, i + 4 = 0. Suppose -g - 2*g - 4*p = -344, g + 2*p - 114 = 0. What is the remainder when g is divided by o?
14
Let o(h) = 3*h**2 + 22*h + 8. Let n be o(-10). Suppose -n + 363 = 5*x. What is the remainder when x is divided by 28?
27
Suppose 14*l - 432 = 268. Let i(m) = -23*m**3 - 2*m**2 + 2*m + 2. Calculate the remainder when l is divided by i(-1).
8
Let q = 53 - 51. Suppose 4*h = q*w + 96, 48 = 3*h - h - 4*w. What is the remainder when 68 is divided by h?
20
Let b(l) = 37*l. Let s be b(1). Let m = s - 26. What is the remainder when 17 is divided by m?
6
Suppose 5*r = 5*u - 40 - 230, 0 = 5*u - r - 254. Let a = u - 39. What is the remainder when a is divided by 3?
2
Let w = 19 + -56. Let n = 22 - w. Calculate the remainder when n is divided by 12.
11
Let x = -391 - -393. Let h = 1 - -1. Calculate the remainder when h is divided by x.
0
Let k be 7/(1/(-5 + 6)). Let l be (3 - 2) + (-2)/(-1). Suppose k*j - l*j - 60 = 0. What is the remainder when 44 is divided by j?
14
Suppose 207 = 2*i - 3*m, -4*i + 404 = 2*m + 2*m. Let l = 9 + 26. Calculate the remainder when i is divided by l.
32
Suppose 1092 = 8*n - 14*n. Let x = -69 - n. Calculate the remainder when x is divided by 29.
26
Calculate the remainder when 1/((-2)/(-590)*5) is divided by 32.
27
Let c = -11 - -16. Let q = 32 - c. Suppose k - 64 = q. Calculate the remainder when k is divided by 23.
22
Let m = 3 - -3. Suppose -3*y - k - 11 = 0, 3*y + 9 + m = 3*k. Calculate the remainder when 9/(-12) + (-375)/y is divided by 24.
21
Let y(n) = -11*n - 8. Let j(x) = -24*x**2 - 2*x + 23*x**2 - 4*x + 3*x + 16. Let p be j(-6). Calculate the remainder when 38 is divided by y(p).
10
Let p(y) = 72*y + 9. Let z be p(9). Let c = 289 - z. Calculate the remainder when ((-2)/(-8))/((-4)/c) is divided by 8.
7
Suppose -4*l - 659 = 17*f - 22*f, 3*f - l = 394. Calculate the remainder when f is divided by 43.
2
Suppose -61 = 14*z - 173. Let q = 42 - 21. Calculate the remainder when q is divided by z.
5
Let l(x) = 2*x + 2. Let y be l(-7). Let f be ((-1)/(-3))/(y/(-72)). Suppose -2*o + 62 = -2*d, -f*d + d - 4 = 0. Calculate the remainder when 79 is divided by o.
25
Suppose u + 6 = -4*l, -3*u = 2*l - u. Suppose 139 - 29 = -5*i. What is the remainder when (-2 + 3)/(l/i) is divided by 6?
5
Suppose 0 = -c - 702 + 714. Calculate the remainder when 634 is divided by c.
10
Let j = 41 + -39. What is the remainder when j*2*(26 - 4) + -1 is divided by 15?
12
Suppose 0 = 4*z - 16 - 4. Suppose -y = z*b + 3, 2*b - 7*b + 5*y + 15 = 0. Suppose c + b - 11 = 0. What is the remainder when c is divided by 4?
3
Let j(h) = 17*h**2 + 2*h + 2. Let a be j(-2). Let m = a + -35. Calculate the remainder when 121 is divided by m.
28
Suppose 5*y + 3*o - 45 = 0, y - 6 = -3*o + 3. Calculate the remainder when 24 is divided by y.
6
Let k = -117 - -123. Let m(f) = -3*f - 2. What is the remainder when m(-8) is divided by k?
4
Suppose 2*n - 2*p = 2*p + 310, -3*p + 420 = 3*n. What is the remainder when 449 is divided by n?
14
Let i(m) = 27*m + 3. Let d be i(-1). What is the remainder when 30/(2*(-3)/d) is divided by 41?
38
Suppose -180 = -3*m - 3*g, 0*g = -m + g + 68. Let z(c) = 11*c**2 - 1. Let p be z(1). Suppose -p = -2*a + 34. What is the remainder when m is divided by a?
20
Suppose 5*c + 2*z = 164, 0 = -3*c + 4*c - 2*z - 28. Let f = -20 + c. What is the remainder when 83 is divided by f?
11
Suppose -11*g + 7*g + 2*z = 12, -g + 5*z + 15 = 0. Suppose 3*v - 6 = 33. Let s = g + v. Calculate the remainder when 23 is divided by s.
7
Suppose -l + 23 = -3*o, -7 = l - 2*l - o. Suppose 0 = -4*r - 3*i + 168, -3*i + 8 = -r + 50. What is the remainder when r is divided by l?
9
Let f = 265 - 248. Calculate the remainder when 83 is divided by f.
15
Suppose 3*w + 217 = 5*a, 4*w = -0*a + 2*a - 84. Suppose j = 3*p + 2*p - a, -5*j = -4*p + 31. Calculate the remainder when 15 is divided by p.
6
Suppose 3*l + 0*l + 364 = 4*h, 3*h = -2*l + 273. Suppose -u + 2*f + f = -12, 2*f - h = -3*u. What is the remainder when 53 is divided by u?
26
Let k(h) be the third derivative of h**4/24 + 2*h**3 + 2*h**2. Suppose 2*x - 5*l + 9 = -1, -3*x + 23 = 2*l. What is the remainder when x is divided by k(-10)?
1
Suppose 57 = -4*q - 3. Let b be 14/(-5) - (-3)/q. What is the remainder when 17 is divided by (-4)/b*(-15)/(-2)?
7
Let a(o) = -2*o + 95. Suppose 5 = -4*j + 13. Suppose -4*z + j = -26. What is the remainder when a(42) is divided by z?
4
Let q = 375 + -170. Calculate the remainder when q is divided by 16.
13
Suppose -9*k - 2 + 119 = 0. What is the remainder when k is divided by 5?
3
Let u be ((-4)/2)/((-3)/(-84)). Let a(n) = -n - 34. Let r be a(-6). Let i = r - u. Calculate the remainder when i is divided by 17.
11
Suppose -k + 5*y = -114, 3*k + y - 215 - 79 = 0. What is the remainder when 389 is divided by k?
92
Suppose 3*q - 3*b - 22 = q, -q + 2*b = -13. Suppose -23 + q = -2*r. Calculate the remainder when 25 is divided by r.
7
Let u(r) = -6*r - 14. Let g(l) = -2*l - 5. Let o(w) = -11*g(w) + 4*u(w). What is the remainder when (-260)/(-36) + (-2)/9 is divided by o(-3)?
2
Let m(b) = b**3 + b**2 + 8*b - 3. Let t(x) = x**3 + x. Let a(l) = -m(l) + 2*t(l). What is the remainder when 6 is divided by a(3)?
0
Suppose -12*j - 120 = -10*j. Let x be (-24)/j - (-58)